{"id":5172,"date":"2019-01-24T17:14:19","date_gmt":"2019-01-24T16:14:19","guid":{"rendered":"https:\/\/perfectsmile.ch\/?page_id=5172"},"modified":"2021-01-01T16:13:04","modified_gmt":"2021-01-01T15:13:04","slug":"behandlung","status":"publish","type":"page","link":"https:\/\/perfectsmile.ch\/?page_id=5172","title":{"rendered":"Behandlung"},"content":{"rendered":"<div class=\"wpb-content-wrapper\"><p>[vc_row][vc_column width=&#8220;2\/3&#8243;][vc_column_text]<\/p>\r\n<h2 class=\"wp-block-heading\">Die Behandlung\u00a0<\/h2>\r\n<p>Zu Beginn einer jeden Behandlung sind Beratung und Planung das A und O. In drei Schritten legen wir fest, ob und welche Behandlung notwendig ist. Wir bestimmen den Beginn, die Dauer und das Ziel der Behandlung und berechnen die Kosten. Kinder und Jugendlichen m\u00fcssen f\u00fcr die Beratungsgespr\u00e4che von einem Elternteil begleitet werden.<\/p>\r\n\r\n\r\n\r\n<h2 class=\"wp-block-heading\" id=\"mce_18\">Schritt 1<\/h2>\r\n\r\n<p>Bei unserem ersten Gespr\u00e4ch informieren wir Sie \u00fcber folgendes:<\/p>\r\n\r\n\r\n\r\n<ul class=\"wp-block-list\">\r\n<li>wie sieht Ihre Zahn- und Kieferfehlstellung aus<\/li>\r\n<li>ist eine Behandlung n\u00f6tig<\/li>\r\n<li>wie k\u00f6nnte eine m\u00f6gliche Behandlung aussehen<\/li>\r\n<li>was sind die verschiedenen kieferorthop\u00e4dischen Apparaturen<\/li>\r\n<li>wie sieht es aus mit den ungef\u00e4hren Kosten<\/li>\r\n<li>und: wie lange wird die Behandlung ungef\u00e4hr dauern<\/li>\r\n<li>ob die Fehlstellung die Kriterien der Schulzahnpflege erf\u00fcllt<\/li>\r\n<\/ul>\r\n\r\n\r\n\r\n<h2 class=\"wp-block-heading\">Schritt 2<\/h2>\r\n\r\n<p>Entscheiden Sie sich dann f\u00fcr detaillierte Abkl\u00e4rung, machen wir vor dem Behandlungsbeginn zwei weitere Beratungsgespr\u00e4che und Untersuchungen.<\/p>\r\n\r\n<p>Wir erstellen Unterlagen und eine genaue Befunderhebung mit R\u00f6ntgenbildern, Kiefermodellen und Fotos. Dann wird analysiert, eine Diagnose und eine Behandlungsplanung sowie eine Kostensch\u00e4tzung erstellt.<\/p>\r\n<p>Wir kl\u00e4ren zuvor ab, ob die Fehlstellung die IV Kriterien erf\u00fcllt.\u00a0<\/p>\r\n\r\n\r\n\r\n<h2 class=\"wp-block-heading\">Schritt 3<\/h2>\r\n\r\n<p>In einem dritten Schritt besprechen wir (bei Kindern im Beisein der Eltern) die Behandlungsplanung und geben Ihnen die schriftliche Kostensch\u00e4tzung. Dann entscheiden Sie in aller Ruhe, ob Sie f\u00fcr sich oder Ihr Kind eine kieferorthop\u00e4dische Behandlung wollen.<\/p>\r\n<p>&nbsp;<\/p>\r\n<h2><a href=\"https:\/\/perfectsmile.ch\/?page_id=5180\">Das 1 x 1 der Kieferorthop\u00e4die\u00a0\u2192<\/a><\/h2>\r\n<p>[\/vc_column_text][\/vc_column][vc_column width=&#8220;1\/3&#8243;][\/vc_column][\/vc_row]<\/p><\/div>","protected":false},"excerpt":{"rendered":"<p>[vc_row][vc_column width=&#8220;2\/3&#8243;][vc_column_text] Die Behandlung\u00a0 Zu Beginn einer jeden Behandlung sind Beratung und Planung das A und O. In drei Schritten legen wir fest, ob und welche Behandlung notwendig ist. Wir bestimmen den Beginn, die Dauer und das Ziel der Behandlung und berechnen die Kosten. Kinder und Jugendlichen m\u00fcssen f\u00fcr die Beratungsgespr\u00e4che von einem Elternteil begleitet&hellip;<\/p>\n","protected":false},"author":1,"featured_media":0,"parent":0,"menu_order":0,"comment_status":"closed","ping_status":"closed","template":"","meta":{"_acf_changed":false,"footnotes":""},"class_list":["post-5172","page","type-page","status-publish","hentry"],"acf":[],"_links":{"self":[{"href":"https:\/\/perfectsmile.ch\/index.php?rest_route=\/wp\/v2\/pages\/5172","targetHints":{"allow":["GET"]}}],"collection":[{"href":"https:\/\/perfectsmile.ch\/index.php?rest_route=\/wp\/v2\/pages"}],"about":[{"href":"https:\/\/perfectsmile.ch\/index.php?rest_route=\/wp\/v2\/types\/page"}],"author":[{"embeddable":true,"href":"https:\/\/perfectsmile.ch\/index.php?rest_route=\/wp\/v2\/users\/1"}],"replies":[{"embeddable":true,"href":"https:\/\/perfectsmile.ch\/index.php?rest_route=%2Fwp%2Fv2%2Fcomments&post=5172"}],"version-history":[{"count":12,"href":"https:\/\/perfectsmile.ch\/index.php?rest_route=\/wp\/v2\/pages\/5172\/revisions"}],"predecessor-version":[{"id":5537,"href":"https:\/\/perfectsmile.ch\/index.php?rest_route=\/wp\/v2\/pages\/5172\/revisions\/5537"}],"wp:attachment":[{"href":"https:\/\/perfectsmile.ch\/index.php?rest_route=%2Fwp%2Fv2%2Fmedia&parent=5172"}],"curies":[{"name":"wp","href":"https:\/\/api.w.org\/{rel}","templated":true}]}}